Let d = 25 - 11. Suppose d = -5*u + 69. List the prime factors of u.
11
Let w(o) = o**3 - 6*o**2 + 5*o + 6. Let v(l) be the first derivative of -l**4/4 - l**3 - l**2/2 + 2*l - 1. Let b be v(-3). List the prime factors of w(b).
2, 3
Let c = -5 + 8. What are the prime factors of c/1 + 33 + 12?
2, 3
Let l(n) = n**3 - 2*n**2 + 41. What are the prime factors of l(0)?
41
Let a(j) = j**3 + 5*j**2 + 2. Let m be a(-5). Let s be (-2)/10 - m/(-10). Suppose 0 = -4*y + 3*v + 49, 5*v + s*v = -5*y + 35. What are the prime factors of y?
2, 5
Let z(u) = 3 + 3 + 4*u - 5*u. List the prime factors of z(3).
3
Let z = 51 + -33. Suppose 3*l + 11 = 5*y - 3, -5*y = -l - z. Suppose 4*c - 2 - 1 = p, -5*c - 10 = -y*p. List the prime factors of c.
2
Let l(z) = 2*z**3 + 16*z**2 + 10*z + 8. What are the prime factors of l(-7)?
2, 3
Let k(m) = -m**2 + 12*m + 47. What are the prime factors of k(15)?
2
Suppose 3*v + 47 = s, 3*s + v = 84 + 17. What are the prime factors of s?
5, 7
Let m = 0 - -2. Suppose 4*a = m*a + 30. List the prime factors of a.
3, 5
Let g = 8 - -3. Suppose -s - 2*s - 9 = 0. Let y = g + s. List the prime factors of y.
2
Let r(d) = -9*d + 10. Let w be 169/(-39) - (-4)/(-6). List the prime factors of r(w).
5, 11
Suppose 0*z + 3*z - 135 = -3*j, -3*j - 4*z = -137. What are the prime factors of j?
43
Let k = -10 + 16. Suppose 51 + k = 3*q. List the prime factors of q.
19
Suppose -29 = -4*u + 5*y, -21 = -3*u + 2*u + 4*y. Let h(d) = 3*d - 2. Let o(f) = -9*f + 5. Let b(m) = -8*h(m) - 3*o(m). List the prime factors of b(u).
2
Let v(k) = -k**3 + 8*k**2 + 8*k + 13. Let n be v(9). Let z be 6/(-8) - (-43)/n. Suppose 4*s + 28 = 2*l, -z = -l + 3*s + 8. What are the prime factors of l?
2, 3
Suppose -55 = -5*s + i, -3*i = 3*s - 16 - 35. What are the prime factors of s?
2, 3
Suppose -3*r - 276 = -4*b, -6*r + 2*r = 0. Let s = -40 + b. What are the prime factors of s?
29
Suppose 11 - 335 = -3*b. What are the prime factors of b?
2, 3
Let d(b) = -b**2 - b + 41. Let m be d(0). Let v = m + -28. List the prime factors of v.
13
Let f(w) = -w**2 - 5*w - 1. Let q be f(-4). Let k(b) = 2*b - 8 - 6 + 18. List the prime factors of k(q).
2, 5
Suppose -4*d - h + 4*h = 35, 35 = -5*d - 5*h. What are the prime factors of 90*((-12)/d)/3?
3, 5
Let h be (32/(-6))/((-8)/300). Suppose 9*a - 4*a - h = 0. List the prime factors of a.
2, 5
Suppose -5*w = -7*w + 4. Suppose 0*t = -t + 60. Suppose 2*g + w*g = t. What are the prime factors of g?
3, 5
Let t(r) = -6*r - 10. Let p = -10 - -6. What are the prime factors of t(p)?
2, 7
Suppose 0*y + 8 = 2*y, 4*v - 5*y = 28. What are the prime factors of v?
2, 3
What are the prime factors of 24/(-120) + 1/5*181?
2, 3
Suppose 3*k + 17 = -4*n, -5*k - 4*n - 17 = -2. List the prime factors of (-16)/(0 - (2 - k)).
2
Let b = 34 + -21. Suppose v - j - b + 3 = 0, -2*j - 44 = -4*v. What are the prime factors of v?
2, 3
Let y(n) = 3*n**2 - 3*n - 2. Let o be y(4). List the prime factors of o/(-1)*(-5)/10.
17
Let t(d) = 3 + 8*d**3 + 4*d**2 - 8*d**2 - 9*d**3 + 3 - d. List the prime factors of t(-5).
2, 3
Let b = 110 - -164. List the prime factors of b.
2, 137
Let i = 24 + -19. Suppose 3*n - c = -4*c + 24, -2*c + 46 = i*n. List the prime factors of n.
2, 5
What are the prime factors of (-528)/18*6/(-4)?
2, 11
Let l = -36 + 55. Suppose 5*i - 61 = -2*c - 19, -2*i = c - l. List the prime factors of c.
11
Let f(r) = -7*r**3 - 5*r**2. Let b be f(-4). What are the prime factors of b/40 + (-2)/10?
3
Let o(j) = -j**2 - 7*j + 9. Let f(q) = q**2 + 7*q - 8. Let h(a) = -2*f(a) - 3*o(a). Let x be (3 - 4)/((-2)/(-18)). What are the prime factors of h(x)?
7
Let t(d) = -47*d - 1. What are the prime factors of t(-4)?
11, 17
Suppose 7*q = q + 102. List the prime factors of q.
17
Suppose -2*m + 8*m = 378. List the prime factors of m.
3, 7
Let i = 50 - 83. List the prime factors of (-1)/(102/i + 3).
11
Let s be 10/(-4)*(-16)/10. Suppose -s*o + 3*o = -16. List the prime factors of o.
2
Let j = -216 - -326. What are the prime factors of j?
2, 5, 11
Suppose 6*m + 205 = m. Let k = -22 - m. List the prime factors of k.
19
Suppose 2*l + 3*f = 50, 4*l + 4*f - 96 = -0*l. List the prime factors of l.
2, 11
Suppose -g = -0*g - 51. Let d = 97 - g. List the prime factors of d.
2, 23
What are the prime factors of (7 + 64)/(0 + 1)?
71
Suppose 4*v - 4*q - 1580 = 0, 1175 = v + 2*v + 2*q. List the prime factors of v.
3, 131
Let f(w) = 11*w**2 + w + 1. List the prime factors of f(-1).
11
Let o(h) = 2*h**3 - 2*h**2 + h - 1. What are the prime factors of o(2)?
3
Let d(w) = -2*w**3 - 2*w**2 - w + 2. Suppose -4*l = -4*i + 8, 5*l = 2*i + 2*i - 10. List the prime factors of d(l).
2, 3
Let t(u) = -2*u - u + 5*u. Suppose -1 = 2*c - 3*c. List the prime factors of t(c).
2
Let o = 4 + 2. Suppose -o*v + 85 = -v. What are the prime factors of v?
17
Suppose 0 = 2*u - 0*u - 190. Suppose 5*z = -5*f + 89 + 126, -2*z = 5*f - u. Suppose -2*l - 2*l = -z. List the prime factors of l.
2, 5
Let t = 11 + -5. Suppose 96 = -2*p + t*p. List the prime factors of p.
2, 3
Let p be (0 + 0)/(-4 + 2). Suppose -3*v + 2*v = -3*i - 65, i + 2 = p. What are the prime factors of v?
59
Let j(b) = 2*b**3 + 2*b**2 - 1. Suppose 0 = -2*v + 3*v - 7. Let s = -6 + v. What are the prime factors of j(s)?
3
Let d = 16 - 16. Let q(o) = o**3 + 7*o**2 + 5*o + 3. Let v be q(-5). Suppose 4*y = -d + v. List the prime factors of y.
7
Suppose 3*d = 2*i, -3 = -i - 0. Suppose c - 7 + 2 = 0, 6 = -4*q + d*c. What are the prime factors of (q + 0)/(2/26)?
13
Let i(v) = -v**2 + 8*v + 6. Let x = 11 + -4. What are the prime factors of i(x)?
13
Let x = -39 - -148. List the prime factors of x.
109
Suppose 3*t = 4*p + 933, 3*t = -0*t + 3*p + 933. What are the prime factors of t?
311
Let o(g) = -g**3 - 3*g**2 + 2*g + 4. Let p be o(-3). Let b be 38 + p/4*2. Suppose -5*k + b = 7. List the prime factors of k.
2, 3
Let w = -32 + 68. List the prime factors of w.
2, 3
Let v(d) = -3*d + 2*d + 9*d**3 + d. What are the prime factors of v(1)?
3
Let f be 4/(-10) + 18/(-5). What are the prime factors of ((-10)/f)/((-8)/(-96))?
2, 3, 5
Let n(h) = h + 7. Suppose -2*w + 64 = -3*r, -5*w + 2*r - 6*r = -160. Let y be 1/3 + w/(-6). List the prime factors of n(y).
2
Let k(o) = -o - 2. Let t = 1 + -3. Let x be k(t). Suppose 2*y + x*y = 24. List the prime factors of y.
2, 3
Let p(k) = k**2 - 2*k + 42. List the prime factors of p(-10).
2, 3
Let w(b) be the third derivative of b**4/24 + b**3/6 + b**2. List the prime factors of w(12).
13
Suppose -2*a = -4 - 0. Suppose 0 = -2*q + a, 2*r + 3*q - q = 18. List the prime factors of r.
2
Suppose 5*m = 60 - 0. Suppose w + 1 = m. List the prime factors of w.
11
Suppose -6*o + 3*o + 87 = 0. Suppose -y + o = 1. Suppose 0 = u - 5*u + y. What are the prime factors of u?
7
Let y be (-2)/(-2)*-1*-4. Let l = 1 - y. What are the prime factors of ((-2)/l)/((-2)/(-27))?
3
Suppose 9*j - 97 - 218 = 0. List the prime factors of j.
5, 7
Suppose 4*o - 60 = 52. List the prime factors of o.
2, 7
Let b = 10 - 5. Suppose -b*r = -2*c - 21, -20 = c - 5*r + 3. What are the prime factors of c?
2
Let r(q) = -q**3 + q**2 + 4*q - 1. Let u be r(-5). What are the prime factors of u/15 + 3/(-5)?
2
Let h(w) = -w**2 + 3*w + 4. Let z be h(4). Suppose z*r = 2*r - 20. List the prime factors of (56/r)/((-2)/(-5)).
2, 7
Let k be 3/(-4) - 1455/(-20). List the prime factors of (-16)/k - (-20)/9.
2
Suppose -g - 3*h - 6 = -2*g, 4*g = 5*h + 31. Let j = -6 + g. Suppose i + 6 = m, j*m + 5*i = -m + 6. List the prime factors of m.
2
Suppose -3*x - 20 = 2*x. Let q(t) = -t**2 - 6*t + 4. What are the prime factors of q(x)?
2, 3
Let u be 1*6 + (2 - 0). Let n be 2/u - 3356/(-16). List the prime factors of (-2)/5 - n/(-25).
2
Let x(t) = 2*t + 9. What are the prime factors of x(13)?
5, 7
Let t = 78 - -31. What are the prime factors of t?
109
Let i(s) = -s + 7. Let h be i(9). List the prime factors of 19 - (15/(-3) - h).
2, 11
Let p be 0*(-1)/6*-3. Suppose s + 5*c + 8 = 0, 0 = 2*s - p*s + 2*c - 16. List the prime factors of s.
2, 3
Suppose -j = r - 4, 4*r + 3 = 4*j - 13. Let a = 2 - r. List the prime factors of a.
2
Suppose 0 = -7*c + 2*c + 400. List the prime factors of c.
2, 5
Let t(j) = -223*j**3 + j**2 - 4*j - 5. List the prime factors of t(-1).
223
Suppose 3*f - 22 = -0*f - 2*z, 0 = 5*f + 4*z - 40. Suppose -